 what is 2c6 - -1?
2c7
In base 11, what is 4 + -8a?
-86
In base 12, what is 48 + -7?
41
In base 11, what is 5 + 1846?
1850
In base 11, what is 70 + -2?
69
In base 3, what is 11 + 100200012?
100200100
In base 16, what is -1 + 26?
25
In base 8, what is -256 - 3?
-261
In base 7, what is -5 + -121?
-126
In base 3, what is -12 + -120?
-202
In base 10, what is -4 - 269?
-273
In base 8, what is -343 + -1?
-344
In base 3, what is -202021 - 10?
-202101
In base 13, what is -5b - 2?
-60
In base 16, what is 7e + 3?
81
In base 6, what is 13353 - 1?
13352
In base 3, what is 11222 - 0?
11222
In base 8, what is 23 + -25?
-2
In base 13, what is bb + -1c?
9c
In base 4, what is 2 - -2001?
2003
In base 6, what is 11 + -2042?
-2031
In base 5, what is -4 - 21304?
-21313
In base 2, what is -10111000 - -1?
-10110111
In base 11, what is 1217 + -1?
1216
In base 7, what is -2 + -1412?
-1414
In base 15, what is 1 + -13?
-12
In base 12, what is -a - 15?
-23
In base 5, what is -30 - 2?
-32
In base 6, what is -253 - -5?
-244
In base 4, what is 3032 + 1?
3033
In base 9, what is 102 - 207?
-105
In base 15, what is 0 + -486?
-486
In base 13, what is 6 + -104?
-cb
In base 16, what is -11d + 2?
-11b
In base 14, what is 1d + 70?
8d
In base 8, what is -30 + -15?
-45
In base 7, what is 23 + 1064?
1120
In base 3, what is -12 - -121021?
121002
In base 3, what is 1212 + 10?
1222
In base 7, what is -16 - -41?
22
In base 16, what is 1c - 48?
-2c
In base 6, what is 4 - -4502?
4510
In base 8, what is 5 + -11?
-4
In base 8, what is -33 + -1?
-34
In base 15, what is 4 + -19?
-15
In base 15, what is -1225 + -1?
-1226
In base 15, what is 3 - -3a3?
3a6
In base 9, what is -5 + -71?
-76
In base 6, what is 5 + -115?
-110
In base 16, what is 49a1 - 3?
499e
In base 16, what is -1 + -47d?
-47e
In base 7, what is -5 + 26?
21
In base 11, what is 34 + -32?
2
In base 15, what is 2 - -26?
28
In base 6, what is -4030 - 14?
-4044
In base 9, what is -1 + -11?
-12
In base 8, what is 60 + -62?
-2
In base 2, what is 1000100 - 1?
1000011
In base 7, what is 0 + 14235?
14235
In base 3, what is 12 + 12020212?
12021001
In base 3, what is 12222 - 2?
12220
In base 10, what is 4 + -324?
-320
In base 8, what is 5 + -201?
-174
In base 5, what is 23 + 200?
223
In base 11, what is -31a + 2?
-318
In base 9, what is -3 - -2861?
2857
In base 11, what is 11 + 8?
19
In base 10, what is -1563 + -3?
-1566
In base 10, what is 373 - 7?
366
In base 4, what is 2 + -133?
-131
In base 9, what is -103 + 0?
-103
In base 6, what is -4 - 12122?
-12130
In base 8, what is -5 + 213?
206
In base 15, what is -9b - 4?
-a0
In base 8, what is -61 - 6?
-67
In base 6, what is -33 + -12?
-45
In base 2, what is -100 + -11001100111?
-11001101011
In base 16, what is -58 + 41?
-17
In base 12, what is -a - 1a6?
-1b4
In base 4, what is 11 + 3222?
3233
In base 10, what is -3 + -102?
-105
In base 6, what is -1014 + -2?
-1020
In base 6, what is -24 + 50?
22
In base 2, what is 1110 + 111010?
1001000
In base 16, what is -8c + -5?
-91
In base 6, what is 5 - -3221?
3230
In base 8, what is 44 + 31?
75
In base 2, what is -1100001 - -1101010?
1001
In base 5, what is -202 + 22?
-130
In base 14, what is 9 + -495?
-48a
In base 5, what is 304 - 10?
244
In base 8, what is 4 - -223?
227
In base 13, what is -6120 + -5?
-6125
In base 13, what is 3 - -119?
11c
In base 5, what is -30302 + -1?
-30303
In base 9, what is 2703 - -1?
2704
In base 12, what is 17 - 27?
-10
In base 8, what is -116 - 1?
-117
In base 16, what is -1f + -5?
-24
In base 2, what is -110110110 + 11?
-110110011
In base 15, what is 4 + 19d?
1a2
In base 10, what is 433 - -2?
435
In base 16, what is 35 - 18?
1d
In base 3, what is 120 + -120?
0
In base 14, what is 1cc8 + -1?
1cc7
In base 12, what is 10332 + 4?
10336
In base 12, what is 15 + -689?
-674
In base 4, what is 1122 + -1?
1121
In base 13, what is -1 + 35?
34
In base 13, what is 9 - -a?
16
In base 5, what is -4 + 23133?
23124
In base 12, what is 1 - -31?
32
In base 11, what is -499 + -2?
-4a0
In base 4, what is 12 - -1331?
2003
In base 5, what is -3 - 11032?
-11040
In base 13, what is -19 - -12?
-7
In base 3, what is 2212 - 2?
2210
In base 14, what is 19 + 64?
7d
In base 13, what is b - 5?
6
In base 12, what is -2 + -4a?
-50
In base 13, what is -6 - 1a2?
-1a8
In base 11, what is 154 - -4?
158
In base 15, what is c7 + -1?
c6
In base 15, what is -b - -d?
2
In base 10, what is 36 - 135?
-99
In base 16, what is 3a4 + 5?
3a9
In base 15, what is 828 + 0?
828
In base 10, what is 6 - -311?
317
In base 14, what is -3 + -5b?
-60
In base 16, what is 0 - -123?
123
In base 9, what is -3 + 62?
58
In base 7, what is 604 - 10?
564
In base 7, what is 6 - 3?
3
In base 16, what is 1 + -154?
-153
In base 4, what is 20 - 230?
-210
In base 8, what is 6 + -572?
-564
In base 14, what is -14 + -aa?
-c0
In base 13, what is -2 - 336?
-338
In base 6, what is 5 + -152?
-143
In base 3, what is 2011011 - 21?
2010220
In base 5, what is -3431 + -23?
-4004
In base 4, what is -11 + 22311?
22300
In base 9, what is 226 + -3?
223
In base 12, what is a + 0?
a
In base 14, what is -4 - -36?
32
In base 5, what is 12 - -10220?
10232
In base 7, what is -142 - -125?
-14
In base 12, what is 22 - -15?
37
In base 8, what is 107 - -12?
121
In base 4, what is 2 + 13?
21
In base 11, what is -8 - 1a?
-27
In base 13, what is 68a + 3?
690
In base 7, what is 43 + 1?
44
In base 6, what is 113 - -3?
120
In base 5, what is 1 + 20332?
20333
In base 3, what is 10100 - -20?
10120
In base 11, what is -42 + 2?
-40
In base 15, what is 23 - -a?
2d
In base 5, what is -1043 - -4?
-1034
In base 12, what is 0 - -319?
319
In base 15, what is 37c - 2?
37a
In base 9, what is 42 + -3?
38
In base 13, what is -7 + 63?
59
In base 13, what is 286 - -7?
290
In base 7, what is 3 + 6603?
6606
In base 6, what is 23 + -2522?
-2455
In base 12, what is -1 - -89?
88
In base 6, what is 4 - -234?
242
In base 2, what is -111 - 101100110?
-101101101
In base 12, what is 201 + -2?
1bb
In base 4, what is 2020112 - -10?
2020122
In base 4, what is 2100 + 102?
2202
In base 11, what is 43 - -10?
53
In base 13, what is 0 + 461?
461
In base 8, what is 104 - -4?
110
In base 10, what is -49 + -46?
-95
In base 2, what is 101001 + -1?
101000
In base 4, what is -1120002 + -2?
-1120010
In base 16, what is 14 - -3?
17
In base 14, what is -4 + -80?
-84
In base 16, what is -1 + 4c?
4b
In base 16, what is cd3 - -8?
cdb
In base 11, what is 19 + 0?
19
In base 3, what is 1 + -10021?
-10020
In base 13, what is 0 - -53?
53
In base 11, what is 1 - 27?
-26
In base 16, what is 7 + 5?
c
In base 3, what is 2 + 2122?
2201
In base 15, what is 246 - -3?
249
In base 6, what is 2 + 1323?
1325
In base 12, what is 3 + 58?
5b
In base 8, what is 4 + 14?
20
In base 5, what is 3213 - 1?
3212
In base 9, what is -545 + 4?
-541
In base 9, what is 100 - 0?
100
In base 16, what is 17 - 5?
12
In base 8, what is 5 - 377?
-372
In base 11, what is -2 + -14a?
-151
In base 14, what is -2 - 1d3?
-1d5
In base 5, what is 4023 - -1?
4024
In base 13, what is 162 - -3?
165
In base 8, what is 1 - -104?
105
In base 13, what is 1 - 44?
-43
In base 8, what is -57 + -5?
-64
In base 14, what is 8 - -3?
b
In base 5, what is 1110 - -2?
1112
In base 8, what is -1230 + 4?
-1224
In base 15, what is 6 - -151?
157
In base 4, what is 301 - -10?
311
In base 3, what is 0 + -10111021?
-10111021
In base 11, what is 5 - 52?
-48
In base 12, what is -1 - 520?
-521
In base 8, what is -22 + 2?
-20
In base 4, what is 201 - 332?
-131
In base 16, what is 5 - 2fd?
-2f8
In base 14, what is 8 - 4?
4
In base 8, what is 1200 + -40?
1140
In base 6, what is -522 - 0?
-522
In base 12, what is -1 - 36?
-37
In base 14, what is -5 - -176?
171
In base 11, what is -a4 + -1?
-a5
In base 3, what is 0 + -1001122?
-1001122
In base 4, what is -30223020 - 1?
-30223021
In base 14, what is 11 + -26?
-15
In base 6, what is 14 - 4?
10
In base 9, what is 4 - -57?
62
In base 3, what is -201201 + -11?
-201212
In base 4, what is 21 + 10333?
11020
In base 14, what is -2 - -68?
66
In base 3, what is 12122 - -12?
12211
In base 4, what is 3 + 1233230?
1233233
In base 2, what is 11 + 11010001?
11010100
In base 4, what is 231 + 0?
231
In base 5, what is -1 - 1123?
-1124
In base 9, what is -172 - 0?
-172
In base 16, what is -3f8 - 6?
-3fe
In base 15,